er when (-110)/4*(-24)/10 is divided by b?
20
Let l be -5 - -3 - -1 - 129. Let y = l - -151. Let c = 30 - 21. What is the remainder when y is divided by c?
3
Suppose 0 = -4*t + 450 + 550. Suppose -12*u = 13*u - t. Let r(z) = z**2 - 3*z - 7. What is the remainder when r(-6) is divided by u?
7
Let t = -14 - -8. Let q(g) = 4*g**2 + 6*g + 5. Calculate the remainder when q(t) is divided by (100/16 + 1)/((-27)/(-2160)*20).
26
Suppose -73320 = -326*y - 5512. What is the remainder when y is divided by 94?
20
Suppose 0 = -47*l + 44*l + 12. Calculate the remainder when 1593/18*4/12*l is divided by 30.
28
Suppose 7*q + 2*q = 2457. Let v = -207 + q. Calculate the remainder when v is divided by 35.
31
Let m = 6715 - 6673. Let v be 60/27 - 2/9. Suppose 0 = -v*k - k + m. What is the remainder when 66 is divided by k?
10
Suppose m = -55*m + 30*m + 42302. What is the remainder when m is divided by 44?
43
Suppose 366 = -2*v + 8*v. Calculate the remainder when v is divided by 74*((-40)/(-4))/20.
24
Suppose 3*s = 4*d - 254, -24*s + 16*s = -7*s - 6. Let f = -27 + 48. Calculate the remainder when d is divided by f.
5
Let z be (-3)/(-6*1/16). Suppose 36 = -z*l + 14*l. Suppose 80 = l*i - 52. What is the remainder when 86 is divided by i?
20
Suppose -6154 = -34*j + 7174. Calculate the remainder when j is divided by 151.
90
Suppose 5*m - m = 4*d - 52, 3*d - 5*m - 29 = 0. Suppose 214 - 16 = d*b. Calculate the remainder when 107 is divided by b.
8
Let p(b) = b - 176. Let c be p(-9). Let l = -168 - c. Calculate the remainder when 32 is divided by l.
15
Suppose -4*n + p + 22 = 0, 6 = 3*n + 2*p - 5. Calculate the remainder when -590*(n/(-15))/((-8)/(-12)) is divided by 74.
73
Let f = 3643 - 2986. Calculate the remainder when f is divided by 44.
41
Let u = -16716 - -18535. Calculate the remainder when u is divided by 13.
12
Let d = -3 + 39. Let z = 1267 - 1197. Calculate the remainder when z is divided by d.
34
Suppose 0 = -42*j + 10*j + 12608. Suppose 3*n - 789 = 3*s, s = -3*n - j + 1171. What is the remainder when n is divided by 21?
8
Let s(b) = -6*b**2 + 2*b + 7*b**2 - 29 + 9. Let m be s(-6). Calculate the remainder when 27 is divided by 2/2 - 2/(m/(-18)).
7
Suppose -10*w - 8 = -2*w. What is the remainder when w/(-5) - (-6 + (-1017)/15) is divided by 19?
17
Let k(j) = 4*j + 128. Let m(g) = g + 127. Let f(d) = -3*k(d) + 4*m(d). Calculate the remainder when 70 is divided by f(14).
10
Let o = -1246 + 1283. Calculate the remainder when 171 is divided by o.
23
Let z be (-3)/(1*(-2)/4). Suppose 2*q - 344 = 2*g - z*g, -g - 2*q = -83. What is the remainder when g is divided by 15?
12
Let o(g) = -6. Let c(t) = 58*t + 101. Let x(j) = c(j) + 6*o(j). What is the remainder when x(5) is divided by 89?
88
Let m(r) = r**2 - 13*r + 5. Let s = 256 - 256. What is the remainder when 22 is divided by m(s)?
2
Calculate the remainder when 340 is divided by (0 - 11)*266/(-209).
4
Let z be (2 - 6/(-4))*2. Suppose 3*s - 296 = z*s. Let v = -8 - s. Calculate the remainder when v is divided by 34.
32
Suppose -223*y = -50*y - 51381. What is the remainder when 1140 is divided by y?
249
Let z = -7 + 58. Suppose 3*h - 319 = -5*i, -8*h = -3*h - 2*i - 480. Calculate the remainder when h is divided by z.
47
Let r = 447 + -256. What is the remainder when r is divided by 81?
29
Let v(s) = 3*s**3 - 8*s**2 + 24*s + 22. What is the remainder when v(7) is divided by 1?
0
Let g = -241 + 375. Suppose -4*b + 1050 = 17*b. Calculate the remainder when g is divided by b.
34
Suppose 0 = k + o - 2*o, 4*o - 27 = -5*k. Suppose 4 = -k*p + 4*p. What is the remainder when 80 is divided by -14*(6 + p)/(-5)?
24
Suppose 0 = 2*v - v + 4, 3*j - 3*v - 531 = 0. Let y(m) = -2*m**3 + 10*m**2 + 14*m + 10. What is the remainder when j is divided by y(6)?
19
What is the remainder when 213 is divided by (7/(-28))/((-15)/1620)?
24
Let q(m) = 3*m**2 - 400*m + 1179. What is the remainder when 2415 is divided by q(3)?
3
Suppose 30*g = 29638 + 722. What is the remainder when g is divided by 146?
136
Suppose -84*u - 72*u + 1048 = -3788. Calculate the remainder when 2/9 + 3031/9 is divided by u.
27
Let y(p) be the third derivative of -p**5/60 - 5*p**4/8 - 41*p**3/6 + 5*p**2 + 11. What is the remainder when 13 is divided by y(-11)?
1
Let m be (-56)/(-42) - 34*75/(-18). Let g = -118 + m. What is the remainder when 92 is divided by g?
17
Let n(y) = -15*y + 1226. Calculate the remainder when 2268 is divided by n(63).
20
Suppose 34*u - 37*u - 21 = 0. What is the remainder when (u - (-632)/(-20))/((-1)/5) is divided by 7?
4
Let d(l) = -l**2 + 10*l - 6. Let w be d(10). What is the remainder when 174/2 - w*(-3)/18 is divided by 22?
20
Suppose -72 = 95*w - 101*w. What is the remainder when 38 is divided by w?
2
Suppose 1520 = 25*h + 27*h - 456. What is the remainder when (-2)/((-4)/(-2)) - -184 is divided by h?
31
Suppose -159*d + 178*d = 3800. What is the remainder when d is divided by 56?
32
Let x be 2/(-14) - (1 - 215/35). Suppose 0*c - 5*c - x*f = -75, -3*c + 75 = -3*f. Calculate the remainder when 239 is divided by c.
19
Let j = 1074 + -1069. Suppose 0 = -4*t + j*l + 36, 118*l + 32 = 5*t + 115*l. Suppose 0*d = 3*d - 63. What is the remainder when d is divided by t?
1
Let y = -2940 - -3215. What is the remainder when 404 is divided by y?
129
Let u = -166 - -222. Let l = u + 174. Calculate the remainder when l is divided by 29.
27
Let k(h) = h**3 + 7*h**2 - 10*h - 4. Let g(x) = 2*x**3 + 3*x**2 + x + 3. Let p be g(-3). Let m = p + 19. What is the remainder when 58 is divided by k(m)?
10
Let q be 16/(6/9 + 3/9). Suppose -4*y + 724 = s, 5*s - q - 184 = -y. Suppose 4*n - 16 = y. Calculate the remainder when 143 is divided by n.
45
Let k(m) = m**2 - 10*m - 226. Let h be k(-11). Suppose -t - 18 = -p, -21 = -h*t + 4. What is the remainder when p is divided by 7?
2
Let h(f) = -41*f**2 - 7*f + 6. Let u be h(2). Let g = u + 66. Let n = g + 117. Calculate the remainder when 98 is divided by n.
10
Let v = 254 + -176. Let p = v - 82. Let n(r) = 5*r + 43. Calculate the remainder when n(p) is divided by 6.
5
Let j = -50 - -53. Let o(r) = -j*r**3 - 4*r + 2*r + 5*r + 3*r**2 - 4*r**2 + 3. Calculate the remainder when 31 is divided by o(-2).
14
Suppose 125 = 3*r - 4*j, 3*j - 86 = -3*r + 46. Suppose q = -5*y + r, -4*q + 44 = -q - 2*y. What is the remainder when 27 is divided by q?
9
Suppose 0 = -51*a - 10*a - 25*a + 12298. What is the remainder when 2430 is divided by a?
142
Suppose -37*p = -20*p - 10200. Let r = -586 + p. Calculate the remainder when 111 is divided by r.
13
Let m = 49 + -42. Suppose m*d = 6*d + 101. Let g(c) = 27*c - 1. What is the remainder when d is divided by g(1)?
23
Suppose -7*j + 6334 + 16066 = 0. Suppose 27*n + 5*n - j = 0. Calculate the remainder when n is divided by 9.
1
Let m(j) = 2*j**2 + 31*j - 25. Let u = 18 + -35. Let k(t) = -76*t**3 - t**2 + t + 1. What is the remainder when k(-1) is divided by m(u)?
23
Let f(l) = l - 22. Let a be f(25). Suppose -3*t + 1 = -11. Calculate the remainder when t is divided by 3/(11/6 + (-1)/a).
0
Suppose -2*y + 38 = 2*s, 0*y + 2*y - 6 = 0. Suppose -560 = 3535*p - 3591*p. Calculate the remainder when s is divided by p.
6
Suppose 16*c - 54*c = -25*c - 364. Calculate the remainder when 321 is divided by c.
13
Suppose 0 = w - 4 - 9. Let s(h) = -h**2 - 7*h - 6. Let v be s(-5). Suppose -10 = 2*q - v*q. Calculate the remainder when w is divided by q.
3
Let l = 3095 - 2952. Calculate the remainder when 586 is divided by l.
14
Let l(y) = 63*y + 830. Calculate the remainder when 155 is divided by l(-12).
7
Suppose 16*a - 20 = 12*a. Let j(y) = y + 43. Calculate the remainder when j(-21) is divided by a.
2
Suppose -20*m = -5*m - 465. Suppose 2*k - m - 16 = 3*g, 0 = 2*k - 2*g - 44. Calculate the remainder when 700 is divided by k.
16
What is the remainder when (-999)/222 - (-4683)/6 is divided by 21?
20
Let y = -34 + 58. Suppose 2*r = z - 2*z + 50, -3*r - 4*z = -80. Suppose -4*f + 4 = -r. What is the remainder when y is divided by f?
3
Suppose 3*v - 2*v - 12 = 4*n, 4*v = -2*n + 12. Suppose -3*h - 3*q + 43 = 13, -4*h + 54 = -3*q. What is the remainder when (v/(-6))/(10/(-525)) is divided by h?
11
Let j = -17457 - -18929. Calculate the remainder when j is divided by 114.
104
Suppose 42*a = 6256 + 9284. What is the rem